{"id":157,"date":"2023-11-18T22:01:29","date_gmt":"2023-11-18T21:01:29","guid":{"rendered":"https:\/\/dominiquedigeon.fr\/?page_id=157"},"modified":"2024-09-23T22:13:50","modified_gmt":"2024-09-23T20:13:50","slug":"livres-dartiste","status":"publish","type":"page","link":"https:\/\/dominiquedigeon.fr\/index.php\/livres-dartiste\/","title":{"rendered":"Livres d&rsquo;artiste"},"content":{"rendered":"\n<figure class=\"wp-block-image size-full\"><img loading=\"lazy\" decoding=\"async\" width=\"800\" height=\"222\" src=\"https:\/\/dominiquedigeon.fr\/wp-content\/uploads\/2023\/11\/L03_Boticelli_Digeon_800.jpg\" alt=\"\" class=\"wp-image-158\" srcset=\"https:\/\/dominiquedigeon.fr\/wp-content\/uploads\/2023\/11\/L03_Boticelli_Digeon_800.jpg 800w, https:\/\/dominiquedigeon.fr\/wp-content\/uploads\/2023\/11\/L03_Boticelli_Digeon_800-300x83.jpg 300w, https:\/\/dominiquedigeon.fr\/wp-content\/uploads\/2023\/11\/L03_Boticelli_Digeon_800-150x42.jpg 150w, https:\/\/dominiquedigeon.fr\/wp-content\/uploads\/2023\/11\/L03_Boticelli_Digeon_800-768x213.jpg 768w\" sizes=\"auto, (max-width: 800px) 100vw, 800px\" \/><\/figure>\n\n\n\n<p>\u00ab&nbsp;C&rsquo;est par justice pour Dominique Digeon dont l&rsquo;exposition m&rsquo;a frapp\u00e9 par son originalit\u00e9 que j&rsquo;ajoute un mot. Ce plasticien, dont la d\u00e9marche se situe tout \u00e0 fait \u00e0 l&rsquo;\u00e9cart de celles de ses confr\u00e8res, r\u00e9sout radicalement d&rsquo;un seul coup la probl\u00e9matique de la limitation de l&rsquo;\u00e9dition et la dialectique de la relation texte\/images qui g\u00eane tant aux entournures les cr\u00e9ateurs de livres d&rsquo;artistes. Il fa\u00e7onne en effet ses propres livres \u00e0 partir d&rsquo;imprim\u00e9s pr\u00e9existants, de ces volumes anciens, reli\u00e9s ou cartonn\u00e9s, d\u00e9daign\u00e9s \u00e0 cause de leur sujet d\u00e9pass\u00e9, qu&rsquo;on ramasse pour quelques sous dans les brocantes et vides-greniers. C&rsquo;est l\u00e0 son texte, mati\u00e8re premi\u00e8res sur laquelle il intervient page apr\u00e8s page \u00e0 coup de ciseaux, de cutter, de pinceau, de stylo, de tampons, de colle, pliant, lac\u00e9rant ou tressant les pages, effectuant des d\u00e9coupages, ins\u00e9rant une illustration venue d&rsquo;ailleurs, m\u00e9nageant une fen\u00eatre, appliquant une empreinte, rehaussant d&rsquo;un dessin, imposant partout la trace de sa performance, sa marque.<\/p>\n\n\n\n<figure class=\"wp-block-image size-full\"><img loading=\"lazy\" decoding=\"async\" width=\"800\" height=\"200\" src=\"https:\/\/dominiquedigeon.fr\/wp-content\/uploads\/2023\/11\/L2_women_Digeon_200.jpg\" alt=\"\" class=\"wp-image-159\" srcset=\"https:\/\/dominiquedigeon.fr\/wp-content\/uploads\/2023\/11\/L2_women_Digeon_200.jpg 800w, https:\/\/dominiquedigeon.fr\/wp-content\/uploads\/2023\/11\/L2_women_Digeon_200-300x75.jpg 300w, https:\/\/dominiquedigeon.fr\/wp-content\/uploads\/2023\/11\/L2_women_Digeon_200-150x38.jpg 150w, https:\/\/dominiquedigeon.fr\/wp-content\/uploads\/2023\/11\/L2_women_Digeon_200-768x192.jpg 768w\" sizes=\"auto, (max-width: 800px) 100vw, 800px\" \/><\/figure>\n\n\n\n<p>Chaque page en devient singuli\u00e8re, porteuse et t\u00e9moin d&rsquo;une relation arbitraire entre un texte d\u00e9j\u00e0 l\u00e0 dissous par son inimportance et une \u00ab&nbsp;illustration&nbsp;\u00bb discr\u00e9tionnaire&nbsp;; et, tel un tableau, \u00e0 l&rsquo;issue de la m\u00e9tamorphose qui lui a redonn\u00e9 vie, le livre n&rsquo;a plus qu&rsquo;\u00e0 \u00eatre sign\u00e9 par son auteur, exempt\u00e9 en tant que pi\u00e8ce unique qu&rsquo;il est par essence, de tout justificatif de tirage.&nbsp;\u00bb<\/p>\n\n\n\n<p>Alain Ren\u00e9 Hardy &#8211; Bulletin des Amis de la biblioth\u00e8que Forney -1er trimestre 2016<\/p>\n\n\n\n<figure class=\"wp-block-image size-full\"><img loading=\"lazy\" decoding=\"async\" width=\"800\" height=\"200\" src=\"https:\/\/dominiquedigeon.fr\/wp-content\/uploads\/2023\/11\/L1_Durer_cinq_pages_Digeon.jpg\" alt=\"\" class=\"wp-image-160\" srcset=\"https:\/\/dominiquedigeon.fr\/wp-content\/uploads\/2023\/11\/L1_Durer_cinq_pages_Digeon.jpg 800w, https:\/\/dominiquedigeon.fr\/wp-content\/uploads\/2023\/11\/L1_Durer_cinq_pages_Digeon-300x75.jpg 300w, https:\/\/dominiquedigeon.fr\/wp-content\/uploads\/2023\/11\/L1_Durer_cinq_pages_Digeon-150x38.jpg 150w, https:\/\/dominiquedigeon.fr\/wp-content\/uploads\/2023\/11\/L1_Durer_cinq_pages_Digeon-768x192.jpg 768w\" sizes=\"auto, (max-width: 800px) 100vw, 800px\" \/><\/figure>\n\n\n\n<p>Livres d&rsquo;artiste de Dominique Digeon dans les collections publiques : Biblioth\u00e8que Kandinsky MNAM BPI Centre G.Pompidou Beaubourg, Biblioth\u00e8que Forney Paris, Biblioth\u00e8que Sainte Genevi\u00e8ve Paris, M\u00e9diath\u00e8que Dunkerque, R\u00e9serve pr\u00e9cieuse Lausanne, Fonds Patrimonial Monaco et collections priv\u00e9es.<\/p>\n\n\n\n<p><\/p>\n\n\n\n<figure class=\"wp-block-table\"><table class=\"has-vertical-secondary-to-background-gradient-background has-background has-border-color has-tertiary-border-color\"><tbody><tr><td class=\"has-text-align-center\" data-align=\"center\"><a href=\"https:\/\/dominiquedigeon.fr\">Accueil<\/a><\/td><td class=\"has-text-align-center\" data-align=\"center\"><a href=\"https:\/\/dominiquedigeon.fr\/index.php\/accueil\/series\">S\u00e9rie peintures 2023 &#8211; 1985<\/a><\/td><td class=\"has-text-align-center\" data-align=\"center\"><a href=\"https:\/\/dominiquedigeon.fr\/index.php\/biographie\/\">Biographie<\/a><\/td><\/tr><tr><td class=\"has-text-align-center\" data-align=\"center\"><a href=\"https:\/\/dominiquedigeon.fr\/index.php\/expositions\/\">Expositions<\/a><\/td><td class=\"has-text-align-center\" data-align=\"center\"><a href=\"https:\/\/dominiquedigeon.fr\/index.php\/art-jeu-dechecs\">Art &amp; jeu d&rsquo;\u00e9checs<\/a><\/td><td class=\"has-text-align-center\" data-align=\"center\"><a href=\"https:\/\/dominiquedigeon.fr\/index.php\/contact\/\">Contact<\/a><\/td><\/tr><\/tbody><\/table><\/figure>\n","protected":false},"excerpt":{"rendered":"<p>\u00ab&nbsp;C&rsquo;est par justice pour Dominique Digeon dont l&rsquo;exposition m&rsquo;a frapp\u00e9 par son originalit\u00e9 que j&rsquo;ajoute un mot. Ce plasticien, dont la d\u00e9marche se situe tout \u00e0 fait \u00e0 l&rsquo;\u00e9cart de celles de ses confr\u00e8res, r\u00e9sout radicalement d&rsquo;un seul coup la probl\u00e9matique de la limitation de l&rsquo;\u00e9dition et la dialectique de la relation texte\/images qui g\u00eane [&hellip;]<\/p>\n","protected":false},"author":1,"featured_media":0,"parent":0,"menu_order":0,"comment_status":"closed","ping_status":"closed","template":"","meta":{"footnotes":""},"class_list":["post-157","page","type-page","status-publish","hentry"],"_links":{"self":[{"href":"https:\/\/dominiquedigeon.fr\/index.php\/wp-json\/wp\/v2\/pages\/157","targetHints":{"allow":["GET"]}}],"collection":[{"href":"https:\/\/dominiquedigeon.fr\/index.php\/wp-json\/wp\/v2\/pages"}],"about":[{"href":"https:\/\/dominiquedigeon.fr\/index.php\/wp-json\/wp\/v2\/types\/page"}],"author":[{"embeddable":true,"href":"https:\/\/dominiquedigeon.fr\/index.php\/wp-json\/wp\/v2\/users\/1"}],"replies":[{"embeddable":true,"href":"https:\/\/dominiquedigeon.fr\/index.php\/wp-json\/wp\/v2\/comments?post=157"}],"version-history":[{"count":6,"href":"https:\/\/dominiquedigeon.fr\/index.php\/wp-json\/wp\/v2\/pages\/157\/revisions"}],"predecessor-version":[{"id":819,"href":"https:\/\/dominiquedigeon.fr\/index.php\/wp-json\/wp\/v2\/pages\/157\/revisions\/819"}],"wp:attachment":[{"href":"https:\/\/dominiquedigeon.fr\/index.php\/wp-json\/wp\/v2\/media?parent=157"}],"curies":[{"name":"wp","href":"https:\/\/api.w.org\/{rel}","templated":true}]}}